git of y?
3
Let b be (-4)/(-14) - (-52)/14. Suppose -3*p + 4*p = 3. Let o = p + b. What is the units digit of o?
7
Let r(u) = u + 8. Let k be -10 + 1 + (8 - 8). Let s be r(k). What is the units digit of (s + -1)*-1*7?
4
Suppose -89 - 8 = -i. What is the units digit of i?
7
What is the hundreds digit of 40/2*1748/95?
3
Let g(u) = -13*u + 1. Suppose 0 = -3*s + 2*z + 6, -2*z = 4*s + 2*z - 8. Suppose -3*x - 1 = -s*p, 2*x - 1 + 7 = -4*p. What is the tens digit of g(x)?
1
Suppose -70 = -2*v - 8. What is the tens digit of v?
3
Let d(k) = k**2 - 6*k - 13. Suppose -4*n = -5*y - 7*n + 54, 0 = -4*y - 4*n + 48. What is the tens digit of d(y)?
1
Let s = -14 + 23. What is the tens digit of s/36 + 127/4?
3
Let i(h) = -h**3 - 11*h**2 + 13*h + 7. Let u be i(-12). Let k = 2 + u. Let v = k - -10. What is the units digit of v?
7
Suppose 5*n = 3*n + 126. Let q = -39 + n. Suppose q = 5*d - d. What is the units digit of d?
6
What is the tens digit of (-2937)/(-15) + 2/10?
9
Suppose 20 = 4*m + 4*w, 8 = 2*m + 3*w - 7. Suppose -2*d + 2 = -12. Suppose 4*r - 9 - d = m. What is the units digit of r?
4
Let k = 22 - 13. Let x = k - -3. What is the tens digit of x?
1
What is the hundreds digit of -2 + (834/4)/(3/4)?
2
Let i be (-28)/(-6) + (-6)/9. Suppose -5 = -a - i. What is the units digit of a?
1
Suppose 5*a + 3*t - 175 = a, 4*t + 60 = 2*a. What is the tens digit of a?
4
Let m be 6 + (10/(-2) - -2). What is the tens digit of 2 - (-45)/m - -1?
1
Let d(r) = 21*r + 2. Let n be d(-1). Let z = -1 - n. What is the tens digit of z?
1
Let y be (0 - (0 - -2)) + 3. Let r be (-4)/(-2)*y/2. What is the units digit of (r - -2) + 0/3?
3
Let t be 1*2*(-3)/(-2). Suppose -4*n - t*m - 44 = -8*n, -3*n + 33 = m. What is the units digit of n?
1
Suppose j = -3*r + 40, 2*r - 34 = j + 2*j. What is the units digit of r?
4
Let k(z) = z**2 - 7*z + 8. Let i be k(6). Suppose i = 2*h - 8. What is the units digit of h?
5
Suppose -3*c - 3*x = -747, 5*x + 978 = 4*c + 3*x. What is the tens digit of c?
4
Suppose 4*h - 22 - 10 = 0. Let z be 2/h - 3/12. What is the units digit of (1 - (-2 + 1)) + z?
2
Let a(f) be the third derivative of -f**6/120 + 2*f**5/15 + f**4/12 - f**2. What is the units digit of a(8)?
6
Let t be (-3)/(-2) + (-2)/(-4). Suppose s = -t*s + 5*f + 62, -f = 5*s - 122. What is the tens digit of s?
2
Suppose -41*c - 321 = -44*c. What is the tens digit of c?
0
Let j = -1 + 31. What is the tens digit of j?
3
Suppose w - 3 + 9 = -3*q, 0 = q + 2. Suppose 4*c - 6*c + 68 = w. What is the tens digit of c?
3
Suppose 3*q = 2*o + 2*o - 243, 299 = 5*o + q. Suppose -5*l + l = -o. What is the units digit of l?
5
Let x(a) = 17*a**3 - 2*a**2 + 1. Let n be x(1). Suppose -r + n = -6. What is the tens digit of r?
2
Let p = 11 - 6. Suppose 0 = -x + 2*n + 8, 0 = 3*x + 5*n + 15 - 6. Suppose f + 0 = x*v + 3, p*v = -5. What is the units digit of f?
1
Let f be 1/(-1) - (-3 - 1). Suppose -3*i - 4 = -k + 6, -3*k = -3*i - 18. Suppose 5*y + 3*z - 2*z = f, -4*y - k*z - 4 = 0. What is the units digit of y?
1
Let v(b) = -b**2 + 6*b - 3. Let i be v(3). Let q be i/2 + 1 + 2. Suppose q + 24 = 3*p. What is the units digit of p?
0
Let q(n) = n**2 + 4. Let g be q(3). Let k = g - -14. What is the tens digit of k?
2
Let k(c) = -40*c - 3. Let p be k(-3). Suppose -4*n = t - p, -2*t = n - 0*n - 38. What is the units digit of n?
8
What is the units digit of (6 - 8)*(0 - 67/2)?
7
Suppose -2*u + 7*u + 20 = 0, -335 = -3*a + 2*u. What is the units digit of a?
9
Let y(d) = d**2 - 2*d - 5. Suppose x = -4*x + 30. What is the units digit of y(x)?
9
Let d(o) = -o**3 - o - 2. Let u be d(0). What is the units digit of (-2)/u*(3 - -3)?
6
Let y = 4 + -2. Suppose -2*g = -g - y. Suppose -3*p = -2*p, -g*x + 4*p + 28 = 0. What is the units digit of x?
4
Let m = -12 - -17. Suppose -l - 2*q - 4 = -23, m*l + 5*q - 95 = 0. What is the units digit of l?
9
Let x = 5 + -3. Suppose -2*c - 5*k + x*k + 19 = 0, -5*k - 11 = -2*c. What is the units digit of c?
8
Let i = 8 - 6. Suppose -i*r + r - 5 = 0. Let z = 8 + r. What is the units digit of z?
3
Suppose -4*h = -0 - 8. Suppose 3*a - h*d - 14 = 0, -3*a + 4*d + 2 = -2. What is the units digit of a?
8
Suppose -3*q + 7*q - 364 = 0. What is the units digit of q?
1
Let a(v) = 40*v**2 + 2*v - 1. What is the tens digit of a(1)?
4
Suppose 3*i - 2*a - 1 = 1, -3*i + 3*a = -6. What is the units digit of i*3*(1 + -2)?
6
Let b be -53 - (1 - (3 + -1)). Let c be (-12)/30 + b/(-5). Suppose -4*h + c = h. What is the units digit of h?
2
Suppose 0 = -2*m - m + 9. Let n(r) = -3*r + r**2 - m*r + 0*r**2. What is the units digit of n(7)?
7
Let a be 1 - -2 - 129/(-3). Let l = a + -29. What is the tens digit of l?
1
Suppose -2*q + 0 + 2 = 0. Let w be (-166)/(-8) - q/(-4). Suppose 0 = 3*k - 0 - w. What is the units digit of k?
7
Let a = 192 + -87. What is the tens digit of a?
0
Suppose -5 = 5*x - 25. Suppose 0 = -x*m - 8, -c - 5*m - 2 - 8 = 0. Suppose c = 2*f + 8, -31 - 27 = -3*o + 4*f. What is the units digit of o?
4
Suppose -3 = 2*r + 2*p + p, 22 = 2*r - 2*p. Suppose -y + 2*y = r. What is the units digit of y?
6
Let q(g) = -24*g**2 - 13*g - 11. Let d(f) = -12*f**2 - 7*f - 6. Let v(x) = 11*d(x) - 6*q(x). Let s be v(-2). Suppose -6 = 5*z - s. What is the units digit of z?
8
What is the tens digit of (-2)/14*1 + 1206/14?
8
Let j be (-72)/(-15) + (-2)/(-10). Suppose -4*w - 5*q - 7 = -25, 4 = -3*w + j*q. Suppose -2*f + 32 = -2*a, 4 = w*a - 4*a. What is the tens digit of f?
1
Let n = 60 + -85. Let j = n + 43. Let a = j - 7. What is the units digit of a?
1
What is the units digit of (-2)/(-10)*(-7 + 12)?
1
Let k be (-2)/(-1) - (-1 + 0). Let y = 12 - -33. Suppose 5*a - 4*z - y = 0, k*a + z = -a + 15. What is the units digit of a?
5
Let c = -2 - -2. Let a = c + 10. What is the units digit of a?
0
Let q(d) = 5*d**2 - 2*d + 1. What is the tens digit of q(3)?
4
Suppose c = -4*c + 95. Let y = c - 5. What is the units digit of ((-12)/y)/(2/(-14))?
6
What is the tens digit of (-1)/4 - (-351)/12?
2
Let p = 36 + -24. Let g = p - 5. What is the units digit of g?
7
Let a be 2 + 1 + -4 + 4. Let w be 6 - (a - 0)/(-3). Suppose 0 = -5*q + w + 3. What is the units digit of q?
2
Let y(q) = -q**3 - 4*q**2 + 5. Let m be y(-4). Let z = 10 - m. Suppose 3*l = z*f + 31, -3*l + f + 19 = -4. What is the units digit of l?
7
Suppose 5*i - 864 = -19. What is the hundreds digit of i?
1
Suppose 2*q = 4*q - 94. Suppose 5*u + q = 7. Let x(f) = f**2 + 8*f + 11. What is the tens digit of x(u)?
1
Let v(t) = -6 - 10*t - 2 + t**2 + 1 - 7. What is the tens digit of v(12)?
1
Let k(a) = -33*a. Let v be k(-2). What is the tens digit of (1/3)/(1/v)?
2
Let g = -16 + 18. Suppose 3*h - 1 = g*h. What is the units digit of h?
1
Let v(u) be the third derivative of -u**4/24 + u**3/3 + 2*u**2. Suppose 3*r = r + 2*a + 2, 2*r = 3*a + 6. What is the units digit of v(r)?
5
Suppose 0 = 5*w - 25. Let h = w + -3. Suppose 6*q - h*q = 12. What is the units digit of q?
3
Let j = 14 + -3. Let x = 17 - j. Suppose -21 = -x*p + 3*p. What is the units digit of p?
7
Suppose 4*t + 4*l = 2*l + 1730, -3*t = -5*l - 1265. What is the hundreds digit of t?
4
Suppose -92 = -5*b + 4*i + 42, 4*b = -4*i + 136. What is the tens digit of b?
3
Suppose 0 = 5*a - 25, 3*z - 3*a = 189 + 42. What is the units digit of z?
2
Suppose -7*c - 5*y = -2*c, 0 = -2*y. Suppose -16 = -k + p - 3*p, -5*p + 10 = c. What is the units digit of k?
2
Let d = 10 + -6. Let j(o) = o**2 - 6*o + 2. Let g be j(d). Let t = 8 + g. What is the units digit of t?
2
Let g be (-2)/(-3) + (-44)/3. Let p = -23 - g. Let l = p - -18. What is the units digit of l?
9
Let y = -105 + 151. Suppose y = 4*k - 30. What is the units digit of k?
9
Let k(g) = g**3 + 4*g**2 + 3*g + 3. Let m be k(-3). Suppose -s - m*s = -20. What is the units digit of s?
5
Let t(r) = r**2 - 7*r + 6. Let d be t(6). Suppose p + 7 = 4*j - d, 0 = -2*p - 4*j + 22. What is the units digit of p?
5
Let w(d) = -d**3 + 5*d**2 + 3*d. Let i be w(4). Suppose -i = 4*n + 32. Let s = n - -22. What is the units digit of s?
7
Let p = -1 - -20. What is the tens digit of p?
1
Let o = -109 - -135. What is the tens digit of o?
2
Let x = 15 + -11. Suppose -19 + 99 = x*j. What is the tens digit of j?
2
Suppose -h = -5*o + 229, 9*o - 188 = 5*o - 4*h. What is the units digit of o?
6
Suppose -13 = q + 3. Let t = 